{"id":879,"date":"2026-03-07T13:23:08","date_gmt":"2026-03-07T12:23:08","guid":{"rendered":"https:\/\/www.restaurant-waistuff.lu\/?post_type=event&#038;p=879"},"modified":"2026-03-07T13:23:08","modified_gmt":"2026-03-07T12:23:08","slug":"gebakene-fesch-um-karfreideg-2","status":"publish","type":"event","link":"https:\/\/www.restaurant-waistuff.lu\/fr\/event\/gebakene-fesch-um-karfreideg-2","title":{"rendered":"Gebakene F\u00ebsch um Karfreideg"},"content":{"rendered":"<p>Comme chaque ann\u00e9e, nous servirons cette ann\u00e9e encore le traditionnel poisson cuit au four le Vendredi saint. Il peut \u00eatre command\u00e9 entier ou d\u00e9j\u00e0 filet\u00e9.<\/p>\n<p>\u00c0 consommer au restaurant ou \u00e0 emporter chez soi.<\/p>\n<p>Veuillez r\u00e9server suffisamment \u00e0 l&rsquo;avance, car les places sont limit\u00e9es !<\/p>","protected":false},"featured_media":880,"template":"","class_list":["post-879","event","type-event","status-publish","has-post-thumbnail","hentry"],"acf":[],"_links":{"self":[{"href":"https:\/\/www.restaurant-waistuff.lu\/fr\/wp-json\/wp\/v2\/event\/879","targetHints":{"allow":["GET"]}}],"collection":[{"href":"https:\/\/www.restaurant-waistuff.lu\/fr\/wp-json\/wp\/v2\/event"}],"about":[{"href":"https:\/\/www.restaurant-waistuff.lu\/fr\/wp-json\/wp\/v2\/types\/event"}],"wp:featuredmedia":[{"embeddable":true,"href":"https:\/\/www.restaurant-waistuff.lu\/fr\/wp-json\/wp\/v2\/media\/880"}],"wp:attachment":[{"href":"https:\/\/www.restaurant-waistuff.lu\/fr\/wp-json\/wp\/v2\/media?parent=879"}],"curies":[{"name":"wp","href":"https:\/\/api.w.org\/{rel}","templated":true}]}}

Gebakene Fësch um Karfreideg

<p>Comme chaque année, nous servirons cette année encore le traditionnel poisson cuit au four le Vendredi saint. Il peut être commandé entier ou déjà fileté.</p>
<p>À consommer au restaurant ou à emporter chez soi.</p>
<p>Veuillez réserver suffisamment à l&rsquo;avance, car les places sont limitées !</p>
