{"id":579,"date":"2024-09-17T20:35:27","date_gmt":"2024-09-17T18:35:27","guid":{"rendered":"https:\/\/www.restaurant-waistuff.lu\/?post_type=event&#038;p=579"},"modified":"2024-09-25T08:24:17","modified_gmt":"2024-09-25T06:24:17","slug":"dinnerliesung-mat-moni-reinsch","status":"publish","type":"event","link":"https:\/\/www.restaurant-waistuff.lu\/en\/event\/dinnerliesung-mat-moni-reinsch","title":{"rendered":"Dinnerliesung mat Moni Reinsch"},"content":{"rendered":"<p class=\"qtranxs-available-languages-message qtranxs-available-languages-message-en\">Sorry, this entry is only available in <a href=\"https:\/\/www.restaurant-waistuff.lu\/de\/wp-json\/wp\/v2\/event\/579\" class=\"qtranxs-available-language-link qtranxs-available-language-link-de\" title=\"DE\">DE<\/a>.<\/p><p>Dinnerliesung mat Moni Reinsch<br \/>\nSonndeg, den 24. November hu mir eng Dinnerliesung mat Menu a W\u00e4inbegleedung geplangt.<br \/>\nLass geht um 18.00 Auer.<br \/>\nD&#8217;Mme Reinsch liest aus hirem bekannte Krimi Tod am Berg. Den Protagonist as e Letzebuerger an et as wirklech spannend a gudd geschriwwen (Hun et selwer scho gelies!)<br \/>\nDateschend serv\u00e9ieren mir Iech e flotte Menu an d\u00e9i passend W\u00e4iner dobei!<br \/>\nTicketen get et dofir ausschliesslech iwwer Visitmoselle.<\/p>\n<p>Hei as de Link fir ze reserv\u00e9iren:<\/p>\n<p>https:\/\/www.visitmoselle.lu\/de\/angebot\/krimilesung-mit-dinner-weinbegleitung<\/p>\n<p>&nbsp;<\/p>\n<p style=\"text-align: center;\">Menu 95\u20ac incl Lesung, Cr\u00e9mant a W\u00e4iner<\/p>\n<p style=\"text-align: center;\">Amuse-bouche<\/p>\n<p style=\"text-align: center;\"><em>Coupe Cr\u00e9mant brut<\/em><\/p>\n<p style=\"text-align: center;\">***<\/p>\n<p style=\"text-align: center;\">Ravioli de homard aux petits l\u00e9gumes de saison, jus armoricaine<\/p>\n<p style=\"text-align: center;\"><em>Pinot noir en blanc<\/em><\/p>\n<p style=\"text-align: center;\">***<\/p>\n<p style=\"text-align: center;\">Volaille<\/p>\n<p style=\"text-align: center;\">Volaille enti\u00e8rement d\u00e9sosser farcis d\u2019une fine mousseline aux herbes, fondu d\u2019\u00e9pinards.<\/p>\n<p style=\"text-align: center;\">Jus brun<\/p>\n<p style=\"text-align: center;\"><em>Gris de Gris<\/em><\/p>\n<p style=\"text-align: center;\">ou<\/p>\n<p style=\"text-align: center;\">Saumon norv\u00e9gien<\/p>\n<p style=\"text-align: center;\">Dos de saumon r\u00f4ti \u00e0 l unilat\u00e9rale,<\/p>\n<p style=\"text-align: center;\">Coulis cerfeuil<\/p>\n<p style=\"text-align: center;\"><em>Gris de Gris<\/em><\/p>\n<p style=\"text-align: center;\">***<\/p>\n<p style=\"text-align: center;\">Dessert gourmand<\/p>\n<p style=\"text-align: center;\"><em>Riesling moelleux (10 cl)<\/em><\/p>\n<p><\/p>","protected":false},"featured_media":580,"template":"","class_list":["post-579","event","type-event","status-publish","has-post-thumbnail","hentry"],"acf":[],"_links":{"self":[{"href":"https:\/\/www.restaurant-waistuff.lu\/en\/wp-json\/wp\/v2\/event\/579","targetHints":{"allow":["GET"]}}],"collection":[{"href":"https:\/\/www.restaurant-waistuff.lu\/en\/wp-json\/wp\/v2\/event"}],"about":[{"href":"https:\/\/www.restaurant-waistuff.lu\/en\/wp-json\/wp\/v2\/types\/event"}],"wp:featuredmedia":[{"embeddable":true,"href":"https:\/\/www.restaurant-waistuff.lu\/en\/wp-json\/wp\/v2\/media\/580"}],"wp:attachment":[{"href":"https:\/\/www.restaurant-waistuff.lu\/en\/wp-json\/wp\/v2\/media?parent=579"}],"curies":[{"name":"wp","href":"https:\/\/api.w.org\/{rel}","templated":true}]}}

<p class="qtranxs-available-languages-message qtranxs-available-languages-message-en">Sorry, this entry is only available in <a href="https://www.restaurant-waistuff.lu/de/wp-json/wp/v2/event/579" class="qtranxs-available-language-link qtranxs-available-language-link-de" title="DE">DE</a>.</p><p>Dinnerliesung mat Moni Reinsch<br />
Sonndeg, den 24. November hu mir eng Dinnerliesung mat Menu a Wäinbegleedung geplangt.<br />
Lass geht um 18.00 Auer.<br />
D&#8217;Mme Reinsch liest aus hirem bekannte Krimi Tod am Berg. Den Protagonist as e Letzebuerger an et as wirklech spannend a gudd geschriwwen (Hun et selwer scho gelies!)<br />
Dateschend servéieren mir Iech e flotte Menu an déi passend Wäiner dobei!<br />
Ticketen get et dofir ausschliesslech iwwer Visitmoselle.</p>
<p>Hei as de Link fir ze reservéiren:</p>
<p>https://www.visitmoselle.lu/de/angebot/krimilesung-mit-dinner-weinbegleitung</p>
<p>&nbsp;</p>
<p style="text-align: center;">Menu 95€ incl Lesung, Crémant a Wäiner</p>
<p style="text-align: center;">Amuse-bouche</p>
<p style="text-align: center;"><em>Coupe Crémant brut</em></p>
<p style="text-align: center;">***</p>
<p style="text-align: center;">Ravioli de homard aux petits légumes de saison, jus armoricaine</p>
<p style="text-align: center;"><em>Pinot noir en blanc</em></p>
<p style="text-align: center;">***</p>
<p style="text-align: center;">Volaille</p>
<p style="text-align: center;">Volaille entièrement désosser farcis d’une fine mousseline aux herbes, fondu d’épinards.</p>
<p style="text-align: center;">Jus brun</p>
<p style="text-align: center;"><em>Gris de Gris</em></p>
<p style="text-align: center;">ou</p>
<p style="text-align: center;">Saumon norvégien</p>
<p style="text-align: center;">Dos de saumon rôti à l unilatérale,</p>
<p style="text-align: center;">Coulis cerfeuil</p>
<p style="text-align: center;"><em>Gris de Gris</em></p>
<p style="text-align: center;">***</p>
<p style="text-align: center;">Dessert gourmand</p>
<p style="text-align: center;"><em>Riesling moelleux (10 cl)</em></p>
<p></p>
